(43 + -102)?
68
-17 + -5 + 10 - -18 - 38 - -14
-18
What is 1 + -2 + -12 - (3 + -10 + 9) - 110?
-125
Calculate -1 - 8 - (16 + (38 - (14 - (32 - 8)))).
-73
Calculate -39 - (-186 - -66) - 106.
-25
What is the value of -214 - -242 - (-11 - -7)?
32
3 + (67 - 43 - (-54 + 4)) + 0 + -9
68
What is -82 - (182 + -182 - (-3 + (-1 - (-3 + 0))))?
-83
Calculate (-11 + 3 + 7 + 3 - 58) + 15.
-41
Calculate -67 + -7 + (-19 - (-1 - -8) - -30).
-70
Evaluate (2 - 0 - (104 + -128)) + -56.
-30
(-1 - (5 + -10 - -3)) + (-36 - (-12 + 2))
-25
What is -2 + 1 + -15 + (-3 - -6) - -12?
-1
Calculate -65 - (18 - 99) - (-61 + 1).
76
Calculate -9424 + 9339 - (0 - 97).
12
What is the value of -1 + 9 - (-52 - -64) - (-80 - 4) - 0?
80
Evaluate (6 - 48) + (4 - -8) + (-6 - -5).
-31
What is the value of -40 - (-229 + 218 - (-3 + 1))?
-31
What is (-1 - (6 + -1)) + (4 - 7) + (263 - 221)?
33
Evaluate (-41 - (0 + 0 + -1)) + (5844 - 5846).
-42
Calculate 26 - (-27 + 19 + 2).
32
What is the value of (1 - 3) + 26 + (14 - -3 - 2)?
39
(-16 + 6 - 9) + (107 - (1 - 6))
93
What is 33 + (-22 - (-29 + 14 + -20))?
46
Evaluate -49 + -6 + 27 + 109 + 4 + (3 - 2).
86
Calculate -1 + 5 - (-41 - (28 + -16 + -2)).
55
-17 + 14 - (1 + 1 - (77 - 17) - -5)
50
-1 + 21 - (131 + -122 - -3)
8
75 - (-20 + -15 + 44 + 7 + 1)
58
Calculate -62 + (43 - 39 - -55).
-3
What is 9 - (-5 + -105 - -20)?
99
Calculate (12 - (22 - 11 - 0)) + 3 + -2 + -24.
-22
What is (0 - -5) + (-456 - -380)?
-71
Calculate 2 + -6 + 2 - (-2604 - -2613).
-11
What is the value of (-6176 - -6142) + (-2 - (2 + -4))?
-34
What is the value of 5 + -36 - (-623 + 596)?
-4
What is 27 + (-3 - (3 - 0) - (-93 + 104))?
10
What is (-5 - (-19 + (-10 + 36 - 13))) + 9?
10
Evaluate -36 + -22 + 30 + (-25 - 0).
-53
What is the value of 23 + -1 + 5 + -25 + 48 + 3 + -26?
27
(-6 - (-19 + 10) - -4) + 29 + -38
-2
What is the value of (-2 - 3) + -27 + 42 + -12 + -10?
-12
0 - -9 - ((-10 - 3) + (-21 - -68 - -8))
-33
What is 109 + -148 + -100 + 152?
13
What is -35 + (-53 - -32 - -90)?
34
Evaluate 9 + -47 + (18 - -51).
31
Evaluate 10 - ((0 + -7 - 4) + 6 + 1 + -3).
17
What is (-71 - (-135 - -51)) + (1 - 28)?
-14
Calculate (-83 - -1 - -18) + 32 + 44.
12
Evaluate -23 + (91 - -21) - (14 + -2).
77
What is (-8 + 12 + 5 - 30) + 2 - -68?
49
What is -19 + -11 + (0 - -8 - -10) + 70?
58
What is (70 + 279 - 365) + (125 - (1 - 0))?
108
15 + (-8 + 0 - 3 - -6 - -5)
15
(1 - (3 + -1)) + (1140 - 1141) - -9
7
Calculate 0 - (7 + (23 - 36) - -4).
2
What is the value of 2 - (11 - 5) - -4 - (500 - 479)?
-21
What is -63 + (5 - -1) + -4 + 232 + -227?
-56
Calculate -14 - (-81 + 8 + 0 + (52 - 53)).
60
-64 - ((-7 - (5 + -1 - 3)) + 166 + -159)
-63
-116 + 123 + (0 + -1 + -3 + 3 - -8)
14
What is -4 - (20 - (67 + 57 + -33))?
67
Evaluate -9 - (12 + -22 - (3 - 19)).
-15
What is the value of 109 + (3 - (12 - 24)) + (-45 - -12)?
91
What is 44 + (52 - (44 - 16))?
68
What is the value of 6 - (51 - 25 - 48)?
28
Calculate (-7 + 43 + -12 + -1 - 16) + -21.
-14
What is 177 + -216 - (7 + -1 + -7)?
-38
2 - (99 + -54) - -93
50
-115 - (-3 + -50 + (-169 - -190))
-83
Evaluate 0 + 32 - (-3 - -24).
11
What is the value of (66 + 87 - 162) + (30 - 0 - (-3 - -2))?
22
What is 5 - -4 - 12 - -5 - -18?
20
Calculate -1 - -9 - ((5 - (-14 + 7)) + -47).
43
Calculate 5 - (20 + (7 - 0) + -41).
19
Evaluate 9 + (45 - -19 - 125).
-52
What is (0 - 92) + (24 + (-39 - 37) - -56)?
-88
Calculate 56 + (5 - 30) + 15.
46
What is the value of 6 - (-7 - -33 - -34) - 29?
-83
What is the value of -43 + 9 + -41 + 25 + 55?
5
What is the value of 10 + (2 - ((-12 - -22) + 29 - 2)) - -10?
-15
What is -1 + -27 - (694 - 713)?
-9
What is (49 - 32) + -32 + 41 + 1 + 7?
34
((-17 - -19) + 24 - 7) + -57
-38
Calculate 21 - (150 - ((-6 - 1) + 22 - 12)).
-126
Calculate 19 + (105 - 144) - -7.
-13
What is 325 - 332 - ((-6 - -4) + 5) - -97?
87
Calculate (-11 - (-8 - (5 - -9))) + 11 + -2.
20
Evaluate 36 + -1 + -45 + (-1 + 50 - 1).
38
What is -15 - -1 - (-10 - 1 - (-233 + 228))?
-8
-3 + (-24 - -30 - (-108 + 17)) + 2
96
Evaluate (-10 - ((-5 - 10) + 32 + -25)) + 11.
9
What is the value of 35 + (-2 + (18 - 13) - 25)?
13
Evaluate -4 - (47 + -118 - -71).
-4
What is (-6 - -10) + -9 + 23 + -33?
-15
What is (-57 - (-2 + 3)) + 24 + -42 + 31 + -4?
-49
What is -86 + -1 - (747 - 756)?
-78
35 - ((4 + -24 - 4) + 11 - -12)
36
Evaluate (0 - -3) + (-232 - 264 - -337).
-156
What is the value of 42 + -28 - ((-11 + 5 - -17) + -41)?
44
Evaluate -140 + 84 - (-5 + -17).
-34
-1 - (-5 + (-8 + 4 - 1) + 6 - 56)
59
Evaluate -79 - (-150 - -88) - 6.
-23
What is (-61 - (-9 + 43)) + 72?
-23
What is the value of -2 + (-12 - (-25 + 82)) + 15?
-56
Evaluate 57 - (3 + 9 + -30 + (15 + 2 - 10)).
68
Evaluate 2 + 64 + -43 - (13 + 1).
9
What is the value of -24 - (-46 - 9) - (-21 - -4)?
48
Calculate 9 - (111 - (-18 - (-1 + 11 + -10))).
-120
Evaluate -37 + 2 - (-17 + 2 - (-217 + 182)).
-55
-45 + 0 - (7 - (-4 + 3 - (70 + -72)))
-51
354 + -354 - (-16 - -3)
13
Evaluate (233 + -272 - (0 + -39)) + (-38 - 0).
-38
What is (-26 - (-30 + -14)) + -3 - 53?
-38
What is -18 + 33 + 35 + -14?
36
What is the value of 28 + 11 + -175 + 37?
-99
0 - ((-39 - -27) + -2 + -6)
20
Evaluate -1 + -199 - (836 + -925).
-111
-6120 - -6140 - (2 - -55 - 2)
-35
Evaluate -98 - (-20 + (20 - 51)).
-47
18 + -17 - -13 - -18
32
-3 + -9 + 12 + (-8 + 66 - -1)
59
-14 + 13 - -14 - 39 - -62
36
Evaluate (61 - 12) + -39 - (17 + 54 + -1 + -3).
-57
Evaluate 6 + (-109 - -40) + 36.
-27
53 - 2 - 2 - -1 - (590 - 571)
31
Calculate -38 - (-77 + -64 + 9).
94
Evaluate (13 + -10 - -18) + -7 + (11 - -39).
64
Calculate (-1 - (-9 + -1)) + (-263 - -278) + -76.
-52
Calculate (3 - 1) + (504 - 483) + (-5 - 100).
-82
Calculate 62 + -2 + 30 - 55.
35
Calculate 107 - 116 - (-23 - -2) - -15 - 11.
16
What is the value of 35 + (-26 - -4) + (31 - 18) + 5?
31
What is 23 + -11 + (-4 - (-14 - 0) - (-28 - -18))?
32
-31 + (-2 + 14 + 13 - 6) - -42
30
What is -11 - 6 - (-22 - (-30 + -7))?
-32
22 - 11 - (9 - 3) - ((19 - 11) + 49)
-52
59 + (-16 - (0 - 7) - (-19 - -24))
45
What is the value of 1 + -1 + (68 - -2) + -7984 + 7986?
72
Evaluate (10 - (6 + (16 - 17))) + 13 + -119.
-101
89 - 15 - (-604 - -715)
-37
What is (3 - 6 - (12 - 17)) + (25 + -10 - 12)?
5
What is the value of -23 - (-23 - -23) - -16 - 55?
-62
What is the value of -92 + 73 + -100 + 57?
-62
What is the value of -9423 + 9509 + (-3 - -1) + (1 + 0 - 9)?
76
What is the value of -18 + 0 + -475 + 473 + 22?
2
Evaluate -3 + (25 + (7 - 27) - -15) + 79.
96
What is (106 - (25 - 1 - 12)) + -26 + 17?
85
Evaluate -27 - (-3 + 1 - -5) - (159 + -149).
-40
Evaluate (79 - (39 - 17)) + 11.
68
What is 96 - (252 - (36 - -79))?
-41
What is the value of 45 - (-11 + 8 + -8 + 16 + 6 + -12)?
46
Calculate 32 + -16 - 2 - 8 - (-70 - -40).
36
122 + 40 + -53 + -90
19
What is the value of 137 - (-71 + 36 - -247)?
-75
What is (64 - 40) + 6 + -4 + (-9 - -20)?
37
(-1 - (-11 - -1)) + (-658 - -601)
-48
What is the value of -48 - (-33 + (-1 - -9)) - -91?
68
Evaluate -3 + -1 - (27 + (-20 - 7) + 9).
-13
What is -93 - (191 + -152 + -47)?
-85
Calculate -84 + -36 + (15 - (-11 - -15)) + 8.
-101
What is the value of -4 + 0 - -25 - (-334 + 358)?
-3
What is -13 - (-23 + 40 + -18) - (3 + 4 + 3)?
-22
What is -202 + (36 - (-105 - -11))?
-72
Evaluate -17 - -2 - (82 - 119 - -67).
-45
(-92 - (-84 - 1)) + (-2 - -5 - -1)
-3
Evaluate 54 + -79 + 51 - 59.
-33
Calculate 31 + 4 - (386 - 356) - (2 + 17).
-14
Evaluate 77 - 94 - (9 - (-14 - 6 - -9)).
-37
618 + -658 + 54 + -3
11
What is the value of (-3 - (3 + -13) - (-39 - -97 - 63)) + 82?
94
-18 + -72 + -37 + 35
-92
89 - (39 - (-8 + -20 - -44))
66
Evaluate 22 + (19 + -5 - 5 - -3).
34
What is the value of -25 + (112 - 148) + (-8 - 3)?
-72
What is 109 + -120 - (1 - 9) - (25 - 15)?
-13
What is -10 - 6 - (1 - (20 + -8)) - 110?
-115
Calculate 63 + (-48 - -28) - 16.
27
Calculate 29 + (-112 - -52 - 1).
-32
Calculate -60 + 111 - (13 - -77).
-39
Evaluate -70 + (31 - -9) - -28.
-2
(-27 - (-17 - -10) - -16) + 32
28
What is -83 + 15 + -27 + 10 + 20?
-65
What is 0 + 40 - 3 - (-48 - -19 - -19)?
47
(-4 - (-7 - (3 + -5)) - -4) + 7 + -71
-59
Evaluate 102 + 52 + (-212 - -127).
69
What is -15 + 124 + -14 + (-21 - -21) + -9?
86
Evaluate -1911 + 1922 + (-1 - 1 - (50 + -3) - -2).
-36
39 + (-114 - -36) - -15 - 79
-103
What is the value of (-60 - -67) + (27 - 8)?
26
